hest common divisor of p and 12?
12
Let r be (-3)/2*-1*(-174660)/(-1278). Let o = 30 + -25. What is the highest common factor of o and r?
5
Let x be (18/(-6))/(18/(-1482)). Suppose p = 533 - x. Calculate the greatest common divisor of p and 44.
22
Let i(n) = -7*n**3 - 6*n**2 - 9*n + 5. Let y be i(3). Let j = y + 277. What is the highest common factor of j and 36?
12
Let z = -42 - -32. Let m = z - 2. Let q(w) = -w**2 - 15*w - 30. Let d be q(m). Calculate the greatest common divisor of 66 and d.
6
Let c(z) = 2*z**3 + 33*z**2 - 2*z - 20. Let p(y) = -y**3 + y**2 + y. Let v(s) = c(s) + 3*p(s). Let j be v(36). Calculate the highest common factor of 16 and j.
16
Let a(k) = k**3 + 6*k**2 - 10*k - 1. Let y be a(-7). Suppose i - y = -i. Let f = -190785 - -190855. Calculate the greatest common factor of f and i.
10
Suppose -201 - 60 = -9*r. Suppose 366 = p - 451 + 237. What is the greatest common divisor of p and r?
29
Let w = 311 + -574. Let v = w - -281. Calculate the highest common factor of v and 18.
18
Let i(n) = -2*n - 31. Let c be i(-12). Let w be -66*3/(-6) - (-7 - c). Calculate the highest common factor of w and 6.
3
Let c be (-4)/18 + (-1*10 - 4800/(-216)). Calculate the greatest common divisor of 102 and c.
6
Let b be -3*((196/12)/(-1) + 2). Let r = -73 + b. Let s = 38 + r. What is the greatest common divisor of 6 and s?
2
Let x be (-26)/10 - 12/(-20). Suppose -115 = -u - 114. Let l be x + (4 - u)/1. What is the highest common factor of 8 and l?
1
Suppose 0 = 4*h + 4*g - 136, -h = -4*h + 5*g + 70. Suppose -24172 + 45100 = 82*j - 33192. What is the highest common factor of j and h?
30
Let u(g) = 6*g**2 - 7*g - 2. Let d be u(-7). Suppose -51*o - 269*o - 84 = -3604. What is the highest common divisor of d and o?
11
Let z(q) = 166*q**2 - 22*q + 1. Let m be z(-1). Calculate the highest common factor of m and 609.
21
Suppose -b = 3*b - 736. Suppose -34*m + 121*m + 92*m = 90574. Calculate the highest common factor of m and b.
46
Suppose -4*t = 2*o + 300, o - 75 = 4*t - 3*t. Suppose 2*p + 10 = 0, f + 2*p + 43 = -35. Let w = f - t. Calculate the highest common factor of 35 and w.
7
Suppose 5699 = 7*k + 979 - 1496. Calculate the greatest common divisor of k and 24.
24
Let x(t) = 4*t + 94. Suppose -7*v - 528 = 37*v. Let g be x(v). What is the highest common factor of 2 and g?
2
Suppose 3*i + 90 = 8*i. Suppose -4*z + i*s + 360 = 13*s, 2*s - 103 = -z. What is the highest common divisor of z and 38?
19
Let z = 34661 - 34646. Let q(g) = 9*g**2 + 2*g - 5. Let p be q(7). Calculate the greatest common factor of z and p.
15
Suppose -z = -36 + 18. Let i = -1666 + 2188. Calculate the greatest common divisor of z and i.
18
Let m = -2489 - -2492. Suppose -3*w - 43 = -4*w - y, 0 = -4*w + 4*y + 212. Calculate the greatest common divisor of m and w.
3
Let p be (-2)/(8/6)*(-172700)/942. Calculate the highest common divisor of 253 and p.
11
Let u(i) = i**3 + 7*i**2 + 12*i + 15. Let r be u(-6). Let n be (r/6)/(-3 + (-23)/(-8)). What is the highest common divisor of n and 21?
7
Let u = 333 - 258. What is the greatest common divisor of 36 and u?
3
Suppose 9*g + 37*g = 506. Suppose -g*p + 351 = -78. Let u be 2 + (-3)/(3/(-76)). What is the highest common divisor of u and p?
39
Let z(i) = 8*i**2 + 53*i - 139. Let u be z(-9). Let y(c) = 6*c**2 - 6*c + 4. Let m be y(-6). Calculate the greatest common divisor of u and m.
32
Let r = -34 - 9. Let j = 136 + r. Suppose -j + 1213 = 5*h. Calculate the greatest common factor of h and 28.
28
Let k be 5/(15/20466) - (-2 + 13)/11. Calculate the greatest common factor of k and 38.
19
Let q = -1287 + 1320. Calculate the greatest common divisor of q and 209.
11
Let n = -64 + 64. Suppose n = 7*o - 22 - 6. Suppose o*a - 3*k = 71, 4*k = 4*a - 0*a - 68. Calculate the greatest common divisor of 50 and a.
10
Suppose -2*k + 2*b = 2*k - 244, 2*k + 5*b - 122 = 0. Suppose -k = -2*x + 13. What is the highest common divisor of x and 296?
37
Let q = 7633 + -7458. Calculate the greatest common divisor of 910 and q.
35
Suppose -6 = 3*i - 5*j - 99, 0 = j - 3. Suppose 3*s - u - 246 = 0, 3*u = 7*u - 24. Calculate the highest common divisor of s and i.
12
Let d = -39 - -76. Suppose -2*s - 3*b = -362, b + 1194 - 498 = 4*s. Suppose l - 3*x + 2*x = d, -5*l + s = 5*x. Calculate the highest common factor of 90 and l.
18
Suppose 0 = 4*f + 2*p + 236, -2*f + 2*p + 176 = -5*f. Let u = 60 - f. What is the greatest common divisor of u and 30?
30
Let o(m) = 29*m**2 + 4. Let i be o(4). Suppose 14*s - 10*s - i = 0. What is the greatest common factor of 9 and s?
9
Suppose -93 = -2*l + 201. Let v = 507 + -113. Suppose 6*w + 100 = v. Calculate the highest common divisor of w and l.
49
Let i be (-1)/((-2)/(6/1)). Suppose i*v - 2 = -2*u - 11, -13 = -u + 2*v. Suppose 0 = u*j + 3*j - 18. What is the highest common divisor of 2 and j?
1
Let l = -971981 - -972044. Let z = 20 + 22. Calculate the greatest common factor of l and z.
21
Suppose 50*s = 3431 + 1439 - 970. Calculate the highest common divisor of s and 9854.
26
Let j(l) = l**3 - 5*l**2 - 29*l - 30. Let f be j(9). Suppose f*a + 36 = 1620. What is the greatest common factor of a and 18?
6
Suppose -24 = -2*c - 2*c. Let m = 1 + c. Let v(o) = 2*o**2 + 12*o - 504. Let f be v(14). What is the greatest common divisor of m and f?
7
Suppose 24*h = -24*h + 48. Calculate the highest common divisor of 433 and h.
1
Let i be (-26 - 12/(-3))*(-227 - -224). Suppose 0*x + 10 = -5*x, 5*u + 5*x = 650. Calculate the greatest common divisor of i and u.
66
Let d be (-317)/(((-27)/(-21) + -1)*(-53)/106). Calculate the highest common divisor of 7 and d.
7
Suppose -9*b - 9*c = -6*b - 12030, 4*c = 3*b - 12056. What is the greatest common divisor of b and 80?
16
Suppose 6 = -u - 5*q, 0 = -2*q + 1 - 9. Suppose 0 = -13*a + u*a - 119. What is the greatest common factor of a and 85?
17
Suppose 3*f - 4*f = 3*i - 10, 0 = -4*i - 20. Let s(r) = r**3 - 7*r**2 + 4. Let n be s(7). Let x = n + 1. Calculate the greatest common factor of x and f.
5
Suppose l = -5, -3*y + 4*l = 2*l - 10. Suppose -3*s + 541 - 82 = y. Let v be (4 - 5)/3*-51. Calculate the highest common divisor of v and s.
17
Let k(b) = -b + 2. Let t be k(9). Let j be 142 - (t - -19)/(-4). Calculate the highest common divisor of j and 58.
29
Let o(g) = 63*g**2 + 61*g + 30. Let c be o(-9). What is the highest common factor of 1337 and c?
191
Suppose -z - z + 38 = 0. Let m be 22/(594/81) + 1 + 243. What is the greatest common factor of z and m?
19
Suppose -2*a = -7*y + 3*y - 4, 3*y = 5*a - 10. Let g be (-830)/(-13) + (-10)/(-65). Calculate the highest common factor of a and g.
2
Let r(k) = -33 + 0*k + 20 + k + 21. Let u be r(-10). Let p be u*-1*(12 + 4). Calculate the highest common divisor of 8 and p.
8
Let l = 449 + -319. Suppose l - 115 = 5*j. Suppose -3*s = -7*s + 84. What is the highest common divisor of s and j?
3
Let b be (-3)/4*(12/20 - (-2449)/(-15)). What is the greatest common divisor of b and 8906?
122
Suppose 3*x = -112*j + 108*j + 67, 0 = -2*j - 3*x + 35. Calculate the highest common factor of 86 and j.
2
Let i = -24801 + 24907. What is the greatest common divisor of i and 17543?
53
Suppose 17 = c - 5*q, -3*c - 3*q = -q. Suppose 3*f - 3*n = -0*n + 183, -c*n = 4. Let t = 68 - f. What is the greatest common divisor of 9 and t?
9
Let c = -1641 + 1646. Let q(f) = -3*f - 5. Let w be q(6). Let g = w + 48. Calculate the highest common divisor of c and g.
5
Let k = 16 + -1. Let i(z) = 4*z - 51. Let x be i(16). Let h be x - (0 + (3 - (5 - 5))). What is the greatest common factor of h and k?
5
Suppose 0 = 26*t - 15708 - 48642. What is the highest common factor of t and 325?
25
Suppose -14*x = -11*x - 408. Suppose -2*a - 110 = -x. Let n be 102 - 4/(2/(-1)). What is the greatest common factor of n and a?
13
Let a be 5698740/2775 + (4/(-5))/(-2*1). Calculate the highest common factor of a and 130.
26
Suppose -514*m + 512*m = -533 + 117. Calculate the highest common factor of 338 and m.
26
Let z(g) = 3*g**2 - 32*g + 17. Let p be z(14). Let t = 196 - p. Let o = 5 - -8. Calculate the greatest common factor of o and t.
13
Let x(y) = -y**3 + 67*y**2 + 1236*y - 255. Let v be x(82). Calculate the greatest common divisor of 7189 and v.
79
Suppose 6*h - 4 = 26. Suppose g + h*p - 266 = 0, -5*p - 1119 = -5*g 